est common factor of b and 56.
8
Suppose 136 = -9*v + 11*v. What is the greatest common divisor of 408 and v?
68
Let w(y) = -y**2 + 44*y - 3. Let u be w(8). What is the highest common factor of 45 and u?
15
Suppose -31 = -k - h - 10, -3*k + 67 = 5*h. Suppose 4*w - 4*r - 172 = 0, 10*w - 5*w - 199 = -3*r. Let z = w + k. What is the highest common divisor of 15 and z?
15
Let z be -68 + 67 + 2 + 1. Calculate the highest common divisor of z and 5.
1
Let o be 39*(-1)/(-6)*-2. Let q = o - -10. Let b be (17/q)/((-2)/6). What is the greatest common divisor of b and 153?
17
Suppose p = -0*p - 537. Let z = p - -831. Suppose -3*j + z = -36. Calculate the greatest common divisor of j and 22.
22
Suppose 0 = -4*p - 2*c + 162, -4*c = -p - 3*c + 36. What is the greatest common factor of 1339 and p?
13
Let c = 2629 - 1586. Calculate the highest common divisor of 7 and c.
7
Let t(i) = 4*i**2 - 2*i - 6. Let f be t(-4). Let y be ((-44)/(-1))/(7 + -2 - 3). What is the greatest common divisor of y and f?
22
Let o = 37 + -31. What is the greatest common divisor of 9 and o?
3
Suppose -32*b = -42*b + 270. Let f be -6*5/(10/(-3)). What is the highest common divisor of b and f?
9
Let h(v) = -v**2 - 15*v + 21. Let u be h(-15). Calculate the greatest common factor of 14 and u.
7
Suppose -29*b - 948 = -35*b. Suppose -2*f = q - b - 116, 2*f = -3*q + 278. What is the greatest common divisor of f and 8?
8
Let k be ((-20)/5)/(16/(-12)). Let m(d) = d**2 - 4*d + 2. Let y be m(-4). Suppose k*b = y + 20. Calculate the highest common factor of b and 45.
9
Suppose -5*p = 2*h - 35, 0*p = 4*h - p - 37. Let t = h + -2. Let w be t*(-13 - -3)*-2. What is the greatest common divisor of 20 and w?
20
Let v(u) = -u**2 - 26*u + 69. Let a be v(-26). What is the greatest common factor of 115 and a?
23
Let w be 6/(-1) + -4 + 7 + 25. Let q(b) = -10*b + 8. Let u be q(-8). Calculate the highest common divisor of w and u.
22
Suppose 34*r - 32*r - 416 = 0. Calculate the highest common factor of r and 8.
8
Let k(u) be the first derivative of 12*u**2 - u - 2. Let o be (-6)/30 - (1 - (-72)/(-10)). Let n be k(o). Calculate the greatest common factor of n and 13.
13
Suppose -68*f = -6187 - 3333. What is the greatest common divisor of 1190 and f?
70
Let i be 3 + (0 - 1/(-1)). Suppose -28 = -i*n + 76. What is the highest common divisor of 286 and n?
26
Let n = 2778 + -2742. What is the greatest common divisor of n and 846?
18
Suppose -3*g - 2 = -8. Suppose 3*k + 100 = -3*l + 4*k, g*l = -k - 70. Let w be (-2)/(2 - l/(-16)). What is the greatest common divisor of w and 176?
16
Let a be ((-72)/(-10))/(-3)*(-330)/9. Let s = 2 + a. What is the highest common divisor of 10 and s?
10
Let n(x) = 16*x**2 - 5*x + 4. Let u be n(4). Let r be ((-12)/10)/((-9)/u). Calculate the greatest common factor of 4 and r.
4
Let p(w) = -18*w + 38. Let n be p(-63). Calculate the greatest common factor of 4 and n.
4
Let y be (-3)/5 - (-2718)/30. Let h(w) = 12*w**3 + 50*w**2 + 4*w - 6. Let p be h(-4). What is the highest common factor of p and y?
10
Suppose -6*m + 5*r + 230 = -3*m, -390 = -5*m + 5*r. Suppose 0 = j - 40 - m. Let h be ((10/25)/(-1))/((-1)/60). What is the greatest common divisor of h and j?
24
Suppose -12*t = -1437 - 2403. Calculate the highest common factor of t and 64.
64
Let z(a) be the second derivative of a**4/12 - a**3/6 - 3*a**2/2 - 10*a. Let t be z(3). Calculate the highest common factor of 6 and t.
3
Let l be (2 + -3)/((-3)/3). Let q = l + 2. What is the highest common divisor of 27 and q?
3
Let i(o) = -4*o**2 + 74*o + 6. Let a be i(18). Calculate the highest common factor of a and 147.
21
Let o = -22 + 22. Let g(k) = o*k - 3 - 5*k + 7*k - 1. Let j be g(4). What is the greatest common factor of 16 and j?
4
Let w(p) = 5*p**2 - 2*p - 20. Let u be w(6). Let b = 208 - u. What is the greatest common factor of b and 12?
12
Let g(l) = l**2 - 8*l + 9. Let t be g(8). Suppose -3*n - 5*s = 4, -5*n - s + 4 = -2*n. Suppose n*b = 2 + 4. What is the highest common factor of b and t?
3
Suppose -9*o + 20 = -5*o. Suppose -k - 4 = -o*k. Calculate the highest common factor of 4 and k.
1
Let p = -1036 + 1112. What is the greatest common factor of 38 and p?
38
Let y = -1463 + 1489. Calculate the highest common divisor of y and 442.
26
Suppose 5*q + 115 = -5*d, 0 = -3*d - 4*q + 5*q - 73. Let h = -15 - d. Let l = -3 + h. What is the greatest common divisor of 18 and l?
6
Let x = -128 - -236. What is the highest common factor of 27 and x?
27
Suppose -29*l + 27*l = -768. Calculate the highest common divisor of l and 24.
24
Let w be (12/(-10))/(2/(-10)). Suppose -v + w*v = 55. Suppose 2*a = 6*j - 7*j + 112, 3*a - 4*j = 157. What is the highest common factor of a and v?
11
Let t(u) = u - 5 - 2*u - 3 + 4*u. Let b be t(8). Let q = -84 + 148. Calculate the greatest common factor of b and q.
16
Let s = -184 + 224. What is the highest common divisor of s and 80?
40
Let i = 45 + -27. Let b(l) = -l**2 + 13*l + 8. Let a be b(7). Suppose -h + 76 = -a. Calculate the highest common divisor of h and i.
18
Suppose 4*m - 322 = -38*w + 36*w, -229 = -3*m - 4*w. Calculate the greatest common divisor of 332 and m.
83
Suppose 0*k - 205 = -5*k. Let m = k + -39. Calculate the highest common divisor of m and 16.
2
Suppose -i - 226 = -5*k, -2*k + 28 + 57 = 5*i. Calculate the highest common factor of k and 3285.
45
Suppose -c + 3*h + 1 = 0, -2*c - 2 + 4 = -5*h. What is the highest common divisor of 163 and c?
1
Let g(s) = 2*s**2 + s + 9. Let j be g(-5). Calculate the highest common factor of j and 36.
18
Let v = -89 + 133. Let b = v + -26. Let d be 1188/(-90)*3*-5. Calculate the highest common factor of b and d.
18
Suppose -j - 3*j + 7*x + 5643 = 0, -2*x + 5670 = 4*j. Calculate the greatest common factor of 24 and j.
24
Let j(t) = -3*t + 5. Suppose b - 3*d = 30, -b + 4*b + 2*d = 46. Let p be (-1 - 1)/(9/b). Let c be j(p). What is the highest common factor of c and 17?
17
Let p be (-2 - 10/(-4))*6. Suppose f - 2*f + 24 = -3*u, 0 = p*f - 4*u - 67. Suppose 36*x - 179 - 73 = 0. What is the highest common factor of x and f?
7
Let p(q) = 201*q**3 - 2*q**2 - 2*q + 2. Let w be p(1). Let i = w - 139. Calculate the greatest common divisor of 12 and i.
12
Let s = 4766 + -3017. What is the highest common divisor of s and 33?
33
Suppose 20 = -2*x + 50. Let n(s) = s. Let f be n(6). Calculate the greatest common factor of x and f.
3
Let b(u) = -17*u + 13. Let t be b(3). Let o = t - -82. Calculate the greatest common divisor of 66 and o.
22
Let y = 70 + -46. Let b(h) = h**3 + 15*h**2 + 2*h + 3. Let d be b(-10). Let m = d + -315. Calculate the highest common divisor of m and y.
24
Let v = -141 - -233. What is the highest common divisor of 46 and v?
46
Let p be 14/3*624/728. Calculate the highest common factor of p and 326.
2
Let z be (23/(-4) + (-5)/4)*-43. What is the highest common factor of z and 129?
43
Let u(v) = 29*v + 555. Let k be u(11). Calculate the highest common factor of k and 46.
46
Let y = 194 + -89. Suppose 1 + 1 = d. Suppose 4*q + 3*m + 9 = 72, d*m + 13 = q. Calculate the greatest common factor of y and q.
15
Let u(q) = q**3 - q + 2. Let h(r) = -r**2 + 4*r - 4. Let d be h(2). Let w be u(d). Suppose 0 = 11*f - 12*f + w. What is the highest common divisor of 22 and f?
2
Let o be ((-20)/16)/((-2)/16). Suppose -1 = 3*y - o. Suppose -44 - 88 = -y*w. What is the highest common divisor of 66 and w?
22
Suppose 5*k + 3 = 38. Let f be (k/2 - (-12)/(-8)) + 0. Suppose -23 + 8 = 3*l, 0 = -3*q + l + 47. What is the highest common divisor of q and f?
2
Let y be (-9226)/140 + (-1)/10. Let m = y - -70. What is the highest common factor of m and 64?
4
Let t = 77 + -42. Let b(h) = -h**3 + 3*h**2 + 2*h + 5. Let z be b(0). Calculate the greatest common divisor of t and z.
5
Let h(i) = i**3 - 7*i**2 - 19*i + 37. Let a be h(9). Let o(r) = 2*r**2 - 6*r + 4. Let u be o(-6). Calculate the greatest common factor of a and u.
28
Let t be 0 + 6 + 0 + -3 + 1. Suppose -4*w + 3*w = 2*j - 56, t*w - 137 = -5*j. Calculate the highest common divisor of j and 290.
29
Let k(x) = -x**2 - 54*x - 341. Let w be k(-46). What is the highest common divisor of 27 and w?
27
Let i = -1 + 1. Suppose -21 = -i*d - d. What is the greatest common factor of 168 and d?
21
Suppose -3*u + 9*s + 5 = 4*s, 5*u + 5*s +